mon factor of 183694896 and 2464.
1232
What is the greatest common factor of 40300314 and 11919?
87
Calculate the greatest common factor of 648972 and 1223833.
2003
What is the highest common factor of 44340 and 29040?
60
What is the greatest common factor of 6286213 and 172?
43
What is the greatest common divisor of 60 and 185764?
4
Calculate the greatest common divisor of 7705504 and 128.
32
What is the greatest common factor of 25353505 and 285?
95
What is the highest common factor of 95471542 and 38?
38
Calculate the highest common divisor of 18921615 and 13905.
1545
What is the highest common divisor of 187960 and 343360?
1480
What is the highest common divisor of 3048 and 253536450?
762
What is the greatest common factor of 4938925 and 50?
25
Calculate the highest common factor of 66928 and 47453376.
1424
Calculate the highest common divisor of 4900 and 485933.
49
What is the highest common divisor of 2139070 and 636404?
818
What is the greatest common factor of 1036100 and 2200?
100
Calculate the highest common factor of 93136962 and 3.
3
What is the highest common divisor of 354159 and 12987?
351
What is the greatest common divisor of 270 and 166986?
18
What is the greatest common divisor of 15792 and 11665776?
2256
What is the greatest common divisor of 4480 and 1814855?
35
What is the highest common divisor of 132 and 91110432?
12
What is the highest common factor of 216164 and 2157483?
4157
Calculate the highest common factor of 484348 and 532.
76
Calculate the greatest common divisor of 13035 and 1275.
15
What is the greatest common divisor of 434916464 and 497?
71
What is the highest common factor of 46614412 and 12220?
2444
What is the highest common divisor of 128018 and 128260?
242
What is the greatest common factor of 15390 and 7634295?
855
Calculate the highest common divisor of 324 and 235663866.
18
Calculate the greatest common factor of 10465 and 300755.
455
Calculate the highest common divisor of 24776 and 1432.
8
What is the highest common divisor of 11265815 and 374?
187
Calculate the highest common factor of 188385160 and 2796.
932
Calculate the highest common divisor of 728672 and 13664.
224
Calculate the greatest common divisor of 30618682 and 730.
146
Calculate the greatest common factor of 637 and 231917.
49
Calculate the greatest common factor of 319 and 76051340.
29
Calculate the highest common factor of 1602 and 61435454.
178
What is the greatest common divisor of 595442 and 4642?
422
What is the highest common factor of 17578 and 30998?
22
What is the greatest common factor of 14003 and 27001?
67
Calculate the highest common divisor of 66037609 and 11.
11
Calculate the highest common divisor of 2660 and 1851220.
140
What is the greatest common divisor of 5125314 and 2849?
37
What is the greatest common factor of 22 and 257052202?
22
What is the highest common factor of 612 and 3638391?
51
Calculate the greatest common divisor of 66 and 24862794.
66
Calculate the highest common divisor of 864963 and 2607.
33
What is the highest common factor of 1240455 and 3000?
15
What is the greatest common factor of 784 and 623329?
49
Calculate the greatest common divisor of 3681700 and 150.
50
What is the highest common divisor of 1630560 and 8137?
79
What is the highest common factor of 175 and 745300?
25
What is the greatest common factor of 135 and 301885056?
27
Calculate the greatest common factor of 3188070 and 810.
90
Calculate the greatest common factor of 23 and 44807197.
23
What is the greatest common factor of 228852 and 2826746?
4238
What is the greatest common factor of 231 and 7809549?
33
Calculate the greatest common divisor of 51594960 and 83235.
2685
What is the greatest common divisor of 348 and 142375964?
116
What is the greatest common factor of 1244 and 54244620?
1244
What is the greatest common divisor of 496 and 117492728?
248
What is the highest common factor of 538 and 17976194?
538
Calculate the greatest common divisor of 48509208 and 15180.
3036
Calculate the greatest common divisor of 5581 and 3409036649.
5581
Calculate the greatest common factor of 2689 and 68166150.
2689
Calculate the greatest common factor of 621 and 508382892.
621
Calculate the greatest common factor of 3271621 and 1901.
1901
What is the highest common factor of 56150528 and 100352?
3584
Calculate the greatest common divisor of 2424 and 116908914.
606
Calculate the greatest common divisor of 2440 and 13834440.
40
Calculate the highest common divisor of 6949480 and 21016.
568
Calculate the highest common factor of 4749579 and 54723.
1887
Calculate the highest common factor of 38852 and 29788.
44
Calculate the greatest common factor of 3322 and 25892574.
302
Calculate the greatest common divisor of 10825 and 1171550.
25
Calculate the highest common divisor of 1967604 and 19941.
69
What is the greatest common divisor of 236 and 58798220?
236
What is the highest common divisor of 19006 and 1129180?
1118
What is the highest common divisor of 461736 and 224697?
363
Calculate the greatest common factor of 61593 and 69749673.
8799
Calculate the highest common divisor of 66946 and 4794.
34
Calculate the greatest common divisor of 6479045 and 105.
5
What is the highest common factor of 4520859 and 777?
21
What is the highest common factor of 22045141 and 85?
17
What is the highest common factor of 5441182 and 639806?
5662
Calculate the greatest common factor of 4508490 and 39935.
245
What is the greatest common factor of 1971777 and 177873?
843
What is the highest common divisor of 670920 and 55320?
120
What is the highest common factor of 463482188 and 104?
52
Calculate the greatest common divisor of 193310 and 16484.
26
Calculate the highest common factor of 1919 and 1576259.
19
What is the greatest common divisor of 396572236 and 4?
4
Calculate the highest common factor of 235250 and 15250.
250
Calculate the highest common factor of 8718150 and 2576.
322
Calculate the highest common divisor of 1434 and 790612.
478
Calculate the highest common factor of 652 and 73988.
4
Calculate the greatest common divisor of 3200 and 91172800.
1600
Calculate the greatest common divisor of 533 and 360165.
13
What is the greatest common factor of 10474240 and 138610?
1670
Calculate the greatest common divisor of 75 and 11553275.
25
Calculate the greatest common factor of 93125 and 8791.
149
Calculate the highest common factor of 41266 and 1237102.
878
Calculate the highest common factor of 35625292 and 100332.
3716
What is the highest common divisor of 1825651 and 1849?
43
Calculate the highest common divisor of 2394 and 142803696.
798
What is the highest common factor of 2403 and 69803412?
267
Calculate the greatest common factor of 3829 and 3400699.
547
What is the greatest common factor of 2463110 and 17030?
130
What is the greatest common factor of 453 and 187572804?
453
What is the greatest common divisor of 720 and 35492895?
45
Calculate the greatest common divisor of 511596 and 20388.
12
What is the greatest common divisor of 5427 and 76246?
67
Calculate the greatest common divisor of 119049749 and 26481.
8827
Calculate the greatest common factor of 359009 and 77.
7
Calculate the greatest common divisor of 2007 and 16227.
9
Calculate the highest common divisor of 4033968 and 12555.
93
What is the greatest common divisor of 839805492 and 24?
12
Calculate the highest common factor of 392 and 225631672.
392
What is the greatest common divisor of 40820 and 2880?
20
What is the highest common factor of 72920 and 29160?
40
What is the greatest common factor of 54219825 and 76?
19
Calculate the greatest common divisor of 120 and 20469480.
120
What is the highest common factor of 15617959 and 772366?
8981
What is the highest common divisor of 141 and 68626721?
47
Calculate the highest common divisor of 1261650 and 225.
75
What is the greatest common divisor of 4 and 331223?
1
What is the highest common factor of 6548123 and 46?
23
Calculate the greatest common factor of 323424 and 441.
9
What is the greatest common divisor of 7527 and 1162632?
579
Calculate the greatest common divisor of 23526163 and 3653.
281
What is the highest common divisor of 1221078144 and 6611?
6611
What is the greatest common factor of 60750955 and 178?
89
What is the great